{"id":69,"date":"2013-05-15T14:51:40","date_gmt":"2013-05-15T14:51:40","guid":{"rendered":"http:\/\/www.daidoquimica.com.br\/site\/?page_id=69"},"modified":"2013-07-03T19:09:15","modified_gmt":"2013-07-03T19:09:15","slug":"aqualub","status":"publish","type":"page","link":"https:\/\/www.daidoquimica.com.br\/site\/?page_id=69","title":{"rendered":"AQUALUB"},"content":{"rendered":"<p><a href=\"https:\/\/www.daidoquimica.com.br\/site\/wp-content\/uploads\/2013\/05\/BANNER-aqualub.jpg\"><img loading=\"lazy\" decoding=\"async\" class=\"alignnone size-full wp-image-70\" alt=\"BANNER-aqualub\" src=\"https:\/\/www.daidoquimica.com.br\/site\/wp-content\/uploads\/2013\/05\/BANNER-aqualub.jpg\" width=\"980\" height=\"425\" srcset=\"https:\/\/www.daidoquimica.com.br\/site\/wp-content\/uploads\/2013\/05\/BANNER-aqualub.jpg 980w, https:\/\/www.daidoquimica.com.br\/site\/wp-content\/uploads\/2013\/05\/BANNER-aqualub-300x130.jpg 300w, https:\/\/www.daidoquimica.com.br\/site\/wp-content\/uploads\/2013\/05\/BANNER-aqualub-553x240.jpg 553w\" sizes=\"(max-width: 980px) 100vw, 980px\" \/><\/a><\/p>\n<p>\u2022 Sua \u00e1rea de produ\u00e7\u00e3o n\u00e3o ser\u00e1 a mesma<br \/>\n\u2022 Seu processo \u00a0mudar\u00e1<br \/>\n\u2022 Ecologicamente correto<br \/>\n\u2022 Alta gera\u00e7\u00e3o de res\u00edduos<br \/>\n\u2022 &#8220;Lead Time&#8221; Curto<\/p>\n<h3><strong>Processo de Fosfatiza\u00e7\u00e3o<\/strong><\/h3>\n<p><img loading=\"lazy\" decoding=\"async\" class=\"alignnone size-full wp-image-161\" alt=\"AQUALUB-FOSFATIZACAO-LEADTIME\" src=\"https:\/\/www.daidoquimica.com.br\/site\/wp-content\/uploads\/2013\/05\/AQUALUB-FOSFATIZACAO-LEADTIME1.png\" width=\"1179\" height=\"494\" srcset=\"https:\/\/www.daidoquimica.com.br\/site\/wp-content\/uploads\/2013\/05\/AQUALUB-FOSFATIZACAO-LEADTIME1.png 1179w, https:\/\/www.daidoquimica.com.br\/site\/wp-content\/uploads\/2013\/05\/AQUALUB-FOSFATIZACAO-LEADTIME1-300x125.png 300w, https:\/\/www.daidoquimica.com.br\/site\/wp-content\/uploads\/2013\/05\/AQUALUB-FOSFATIZACAO-LEADTIME1-1024x429.png 1024w\" sizes=\"(max-width: 1179px) 100vw, 1179px\" \/><\/p>\n<p><strong>Processo Curto Simples<\/strong><\/p>\n<p><a href=\"https:\/\/www.daidoquimica.com.br\/site\/wp-content\/uploads\/2013\/05\/AQUALUB-FOSFATIZACAO-PROCESSO-SIMPLES1.png\"><img loading=\"lazy\" decoding=\"async\" class=\"alignnone size-full wp-image-162\" alt=\"AQUALUB-FOSFATIZACAO-PROCESSO-SIMPLES\" src=\"https:\/\/www.daidoquimica.com.br\/site\/wp-content\/uploads\/2013\/05\/AQUALUB-FOSFATIZACAO-PROCESSO-SIMPLES1.png\" width=\"1106\" height=\"485\" srcset=\"https:\/\/www.daidoquimica.com.br\/site\/wp-content\/uploads\/2013\/05\/AQUALUB-FOSFATIZACAO-PROCESSO-SIMPLES1.png 1106w, https:\/\/www.daidoquimica.com.br\/site\/wp-content\/uploads\/2013\/05\/AQUALUB-FOSFATIZACAO-PROCESSO-SIMPLES1-300x131.png 300w, https:\/\/www.daidoquimica.com.br\/site\/wp-content\/uploads\/2013\/05\/AQUALUB-FOSFATIZACAO-PROCESSO-SIMPLES1-1024x449.png 1024w\" sizes=\"(max-width: 1106px) 100vw, 1106px\" \/><\/a><\/p>\n<h3><strong>Filme Seco \u00danico Substituto Fosfato isento de Cl<\/strong><\/h3>\n<p><strong>S\u00e9rie S <\/strong><br \/>\nAplic\u00e1vel mais ao processo de Trefila\u00e7\u00e3o, isento Cl<\/p>\n<p><strong>S\u00e9rie CFW<\/strong><br \/>\nAmpla aplica\u00e7\u00e3o, contendo P como aditivo, isento Cl<\/p>\n<p>&nbsp;<\/p>\n","protected":false},"excerpt":{"rendered":"<p>\u2022 Sua \u00e1rea de produ\u00e7\u00e3o n\u00e3o ser\u00e1 a mesma \u2022 Seu processo \u00a0mudar\u00e1 \u2022 Ecologicamente correto \u2022 Alta gera\u00e7\u00e3o de res\u00edduos \u2022 &#8220;Lead Time&#8221; Curto Processo de Fosfatiza\u00e7\u00e3o Processo Curto Simples Filme Seco \u00danico Substituto Fosfato isento de Cl S\u00e9rie S Aplic\u00e1vel mais ao processo de Trefila\u00e7\u00e3o, isento Cl S\u00e9rie CFW Ampla aplica\u00e7\u00e3o, contendo P [&hellip;]<\/p>\n","protected":false},"author":1,"featured_media":70,"parent":0,"menu_order":0,"comment_status":"open","ping_status":"open","template":"page-full.php","meta":{"footnotes":""},"class_list":["post-69","page","type-page","status-publish","has-post-thumbnail","hentry"],"_links":{"self":[{"href":"https:\/\/www.daidoquimica.com.br\/site\/index.php?rest_route=\/wp\/v2\/pages\/69"}],"collection":[{"href":"https:\/\/www.daidoquimica.com.br\/site\/index.php?rest_route=\/wp\/v2\/pages"}],"about":[{"href":"https:\/\/www.daidoquimica.com.br\/site\/index.php?rest_route=\/wp\/v2\/types\/page"}],"author":[{"embeddable":true,"href":"https:\/\/www.daidoquimica.com.br\/site\/index.php?rest_route=\/wp\/v2\/users\/1"}],"replies":[{"embeddable":true,"href":"https:\/\/www.daidoquimica.com.br\/site\/index.php?rest_route=%2Fwp%2Fv2%2Fcomments&post=69"}],"version-history":[{"count":12,"href":"https:\/\/www.daidoquimica.com.br\/site\/index.php?rest_route=\/wp\/v2\/pages\/69\/revisions"}],"predecessor-version":[{"id":101,"href":"https:\/\/www.daidoquimica.com.br\/site\/index.php?rest_route=\/wp\/v2\/pages\/69\/revisions\/101"}],"wp:featuredmedia":[{"embeddable":true,"href":"https:\/\/www.daidoquimica.com.br\/site\/index.php?rest_route=\/wp\/v2\/media\/70"}],"wp:attachment":[{"href":"https:\/\/www.daidoquimica.com.br\/site\/index.php?rest_route=%2Fwp%2Fv2%2Fmedia&parent=69"}],"curies":[{"name":"wp","href":"https:\/\/api.w.org\/{rel}","templated":true}]}}